-3*d - 12 = 6. Let z(t) = t**3 + 5*t**2 - 8*t - 4. Calculate z(d).
8
Let g(f) = 5*f**2 + 16*f - 10. Let h be (11/3)/((-8)/(-24)). Let j(r) = r**2 + 3*r - 2. Let z(n) = h*j(n) - 2*g(n). What is z(-2)?
0
Suppose 3*z - 4*r = 7*z, 2 = -4*z - 5*r. Let t(y) = y**3 + y**2 - y + 2. Let k be t(0). Let h(c) = 0 + 0 + c**k. Determine h(z).
4
Let a(f) = 5*f**3 + f**2 + 4*f + 5. Let t(l) = -11*l**3 - 2*l**2 - 9*l - 9. Suppose 4*d - d - 12 = 0. Let g(s) = d*t(s) + 9*a(s). What is g(0)?
9
Let n(r) be the third derivative of 0*r + 1/12*r**4 + 1/2*r**3 + 1/20*r**5 + 0 + 1/60*r**6 + 8*r**2. Let z = -5 - -3. Calculate n(z).
-5
Let a(z) = z**3 - z + 2. Let s be a(-2). Let t(b) = -4*b**3 - 3*b**2 + 8*b - 2. Let k(p) = -5*p**3 - 3*p**2 + 9*p - 3. Let i(y) = 3*k(y) - 4*t(y). Give i(s).
3
Let u = 5 - 3. Let o(s) = -s**3 + 3*s + 2*s - 3*s**u - s. Determine o(-4).
0
Let u(l) = 4*l**3 + 3*l**2 + 7*l - 8. Let y(q) = q**3 + q**2 + q - 1. Let v(t) = u(t) - 5*y(t). What is v(-3)?
0
Let a be ((-3)/(-4))/((-52)/416). Let g(j) = 4*j + 2. Let f(m) = -7*m - 5. Let k(i) = -3*f(i) - 5*g(i). Give k(a).
-1
Let n(r) = r**2 + 3*r - 3. Let f = 21 - 10. Suppose f + 1 = 6*t. Calculate n(t).
7
Let m = -9 + 8. Let b(u) = 3*u**3 - 9*u**2 - 7*u + 9. Let f be 23/3 + (-4)/6. Let q(h) = h**3 - 4*h**2 - 3*h + 4. Let i(c) = f*q(c) - 3*b(c). Calculate i(m).
2
Let a(j) = -j**2 - 5*j - 4. Let q = 133 + -138. Calculate a(q).
-4
Suppose d = 5*z - 0*d + 29, 4*z + 2*d = -26. Let y(n) = n**2 + 8*n + 8. Determine y(z).
-4
Let p = 10 - 8. Let x(t) = -2*t**2 - 1 - t - 7 + t**p + 0. Determine x(0).
-8
Suppose -2*p = 3*p - 10. Let s(f) = 7*f + 5 - p - 2. Let v(l) = 6*l + 1. Let g(a) = -5*s(a) + 6*v(a). Calculate g(-1).
0
Let l be (3/(-2))/(2/(-12)). Suppose l*j + 15 = 4*j. Let p(r) = r**3 + 2*r**2 - r + 2. Give p(j).
-4
Let k(n) = 2*n**2 + 2*n + 1. Let h(p) = 3*p**2 + 3*p + 2. Let s(a) = -4*h(a) + 7*k(a). Let o be s(1). Let m(y) = y**2 - 5*y + 3. Determine m(o).
-3
Let a(b) = b**2 - 2*b - 3. Let l = -3 - -5. Let x(t) = 3*t - 2. Let m be x(l). Give a(m).
5
Suppose 12 = -3*f, -2*y - f = -6*y + 40. Suppose 0*m = -m + y. Suppose -3*c + u + 3 = -0, -m = -3*u. Let j(g) = 2*g**2 - 3*g. Give j(c).
2
Let y = -3 + 8. Let l(k) = 2*k**2 + 3*k**2 - 2 - 4*k - 6*k**2 + 2*k**2. What is l(y)?
3
Let x(k) = -34 + k - 36 + 75 + 4*k**2. Let r(v) = 7*v**2 + 2*v + 11. Let u(p) = -3*r(p) + 5*x(p). What is u(0)?
-8
Suppose -18*s = -14*s - 16. Let i(a) be the second derivative of 3*a + 0 + 5/6*a**3 + 1/2*a**s + 1/20*a**5 + a**2. Give i(-5).
2
Let a(i) = -2*i - 8. Let f(g) = -g - 4. Let c(o) = 2*a(o) - 5*f(o). Give c(-3).
1
Let n(c) be the third derivative of c**4/8 - 13*c**2. Let w = 1 - 2. What is n(w)?
-3
Let h be (-12)/(-54) + (-188)/36. Let o(z) = 3 + 2 - z**2 - 6 - 3*z. Determine o(h).
-11
Let k be (9/12)/(15*1). Let a(z) be the third derivative of k*z**5 - 1/8*z**4 + 0 + 5/6*z**3 + 1/120*z**6 + 0*z - 3*z**2. Give a(-4).
1
Let m be 15/6 - 1/(-2). Suppose -4*a = 5*h + 7, a - 5 = m*h + 6. Let w(p) = -2*p**2 - p + a + p**2 - 3*p. Determine w(-4).
2
Suppose 2 = 2*z - 2*b, 3*b - 37 = -2*z - 3*z. Let i(h) be the first derivative of h**3/3 - 5*h**2/2 + 4*h - 1. Calculate i(z).
4
Let u be 12/9 - (-8)/(-24). Let o(w) = w**2 + 2*w - 1. What is o(u)?
2
Let j(l) = 5*l**2 - 80*l + 35*l + 44*l + 1. Calculate j(1).
5
Let s(r) = -r**3 + r**2 - 6*r - 3. Let b(d) = -2*d**3 + 3*d**2 - 13*d - 7. Let i(w) = -4*b(w) + 9*s(w). Suppose -15*g = 149 - 104. Determine i(g).
7
Let c(g) = -3 - 3*g**2 + 3*g**2 + 12*g + g - g**2. Let b be c(13). Let t(y) = -y**2 - 2*y + 4. Determine t(b).
1
Let u(m) be the third derivative of -m**6/120 - m**4/24 - 2*m**3/3 + 17*m**2. Let g = 1 + -1. Let r = 0 - g. Determine u(r).
-4
Let u(m) = 2*m + 4. Let o be u(-4). Let w = -1 - o. Let j(c) = -5*c**3 + 3*c**w - 3*c**2 + 2*c**2 + c. Give j(1).
-2
Let k(g) = -2*g. Let h = 0 - 3. Let q = -6 - -2. Let l = q - h. Determine k(l).
2
Let p(v) be the first derivative of v**4/4 + v**3/3 + 4*v + 1. Let l = 113 + -113. What is p(l)?
4
Let d(o) = -6*o + 9. Let l(p) = -2*p + 3. Let h(r) = 3*d(r) - 8*l(r). Suppose -4 = v - 3*v + 2*t, 0 = 5*v + 2*t - 10. Determine h(v).
-1
Let l(q) = 3*q - 1. Suppose 2*h + 0*h + 3*c + 14 = 0, -5*c - 20 = 0. Calculate l(h).
-4
Let f be (-2)/3 + (-28)/21. Let y(w) = w**2 + 2*w - 1. What is y(f)?
-1
Let a(z) = -z + 5. Suppose -3*g = -5*b, 3*g + g = -3*b + 29. Determine a(g).
0
Let n = -17 + 20. Let p(i) = i**2 - 3*i - 4. Give p(n).
-4
Let p(z) = -z**2 - 8*z - 4. Suppose 5*m = -0*m + 4*l - 13, 3*l + 9 = 0. Give p(m).
11
Let s be 1/(-2)*-1*16. Suppose 3*y + 6 = 0, 0 = -4*k - 0*k - 2*y + s. Let t(i) = 0*i + i - i**2 + k + 0*i**2. Calculate t(3).
-3
Let g(m) be the third derivative of m**7/2520 - 7*m**6/720 + m**5/20 + m**4/12 - 2*m**2. Let k(l) be the second derivative of g(l). What is k(5)?
-4
Let d(r) be the first derivative of -2*r**3/3 - 2*r**2 - 2*r + 2. Let q(b) = -9 + b - 6 + 4. Let n be q(8). What is d(n)?
-8
Suppose 0 = -a + 9 + 2. Let p(g) = 4*g + 20. Let o(k) be the first derivative of k**2/2 + 4*k - 2. Let d(t) = a*o(t) - 2*p(t). Determine d(-4).
-8
Let a(n) = -4*n**3 - 6*n - 3. Let g(d) = 11*d**3 + d**2 + 17*d + 8. Let i(l) = 8*a(l) + 3*g(l). Give i(-2).
-2
Let u(r) = -r**3 - 8*r**2 + 4. Let a(x) = 1 - 5 + 15*x**2 - 11*x + 2*x**3 - 3 + 12*x. Let s(m) = 4*a(m) + 7*u(m). Give s(-3).
-3
Let l(h) = -43*h - h**2 - 2 + 3 + 37*h. What is l(-5)?
6
Let i(h) = -h**3 + 4*h**2 - 4*h - 2. Let y = 130 + -126. What is i(y)?
-18
Let r(m) = 8*m + 22. Let l(x) = -3*x - 11. Let h(a) = -5*l(a) - 2*r(a). Determine h(8).
3
Let y(n) = 7*n - 3. Let g = 35 + -33. What is y(g)?
11
Let j(g) be the first derivative of -g**2/2 - 11*g + 7. What is j(0)?
-11
Let i(t) be the first derivative of 2*t**2 + 4*t + 64. Determine i(-6).
-20
Let b(t) = -t**3 + t**2 - t. Let p(l) = 5*l**3 + 5*l**2 + 12*l - 3. Let x(z) = 4*b(z) + p(z). Determine x(-8).
-3
Suppose 6 = -r + 2*v, -2*r - 2*v = 55 - 19. Let h be 4/r - (-240)/(-42). Let m(w) = w**2 + 5*w - 5. Calculate m(h).
1
Let i(b) = b. Let o = 7 - 1. What is i(o)?
6
Let y(q) = -q**3 + 6*q**2 - 7*q + 2. Let b be (2 + -6)*14/(-8). Let z = -2 + b. What is y(z)?
-8
Let r(h) = -h**2 - 2*h - 1. Let s = 13 + -16. Calculate r(s).
-4
Let i be -1*(0/(-1) + -5). Let g(h) be the third derivative of 0 + 3*h**2 + 0*h + 1/6*h**3 - 5/24*h**4 + 1/10*h**5 - 1/120*h**6. What is g(i)?
1
Let a(d) = 3*d. Let b(w) = -w**3 + 3*w**2 + 12*w - 7. Let o be b(5). Give a(o).
9
Let b(m) = -m - 7. Let a(f) be the second derivative of -f**4/12 + 5*f**3/6 + 9*f**2/2 - 2*f. Let j be a(7). Determine b(j).
-2
Let x(c) = c + 18. Let m be ((-15)/(-2))/((-6)/12). Let b be x(m). Let l(j) = 4*j - 1. Give l(b).
11
Let i(k) be the third derivative of k**4/8 - k**3/6 - k**2. Give i(-2).
-7
Let d(v) = v**3 + 10*v**2 + 10*v + 9. Let m(k) = k**3 + 9*k**2 + 9*k + 8. Let q(g) = -5*d(g) + 6*m(g). Suppose i + 10 = -4*i. Calculate q(i).
3
Let h(p) = 3*p**3 + 4*p**2 + 17*p + 23. Let x(a) = -2*a**3 - 3*a**2 - 11*a - 15. Let o(r) = 5*h(r) + 8*x(r). Give o(-4).
7
Let x(m) = -m**2 - 7*m - 4 - 3 + 2. Let z be x(-5). Suppose -3*t = -2 + z. Let d(r) = 7*r**2 + r. Determine d(t).
6
Let l(n) = n + 1. Let c(b) = 2*b + 2. Let v(s) = -3*c(s) + 5*l(s). Give v(-4).
3
Let z(w) = -16*w**3 + 46*w**2 - 46*w + 51. Let l(u) = 3*u**3 - 9*u**2 + 9*u - 10. Let a(m) = 11*l(m) + 2*z(m). Determine a(6).
-2
Let o(z) be the second derivative of -z**6/144 + z**5/120 + z**4/6 - 3*z. Let a(f) be the third derivative of o(f). Determine a(-1).
6
Let s be (-1 - -2) + (8 - 5). Let w(y) be the third derivative of -y**4/24 - y**3/6 + y**2. Let r(z) = -3*z - 1. Let k(m) = 2*r(m) - 4*w(m). Calculate k(s).
-6
Let q(h) = -2*h + 11. Let g be q(8). Let s(f) = -1 + 2 - 4*f + 0 - f**2. Give s(g).
-4
Suppose 0 = 5*v + 4*p, -3*v = 5*p - p - 8. Let f(l) = l. What is f(v)?
-4
Let j(k) = -k**3 + 3*k**2 - 2*k - 2. Suppose b = -3*n - 2*b, 21 = 4*n - 3*b. Let y be 1/n - (-10)/6. Calculate j(y).
-2
Let k(v) be the first derivative of v**3/3 - 9*v**2/2 + v - 13. Calculate k(9).
1
Let t(f) = -f - 1. Let s be t(-2). Let z(i) = 5*i**3 + 4*i**2 - 5. Let v(p) = -6*p**3 - 5*p**2 + 6. Let h(d) = 4*v(d) + 5*z(d). Give h(s).
0
Suppose a - 3 = -2*a. Let w(h) = -2. Let r(l) = -11*l - 3. Let k(u) = r(u) - w(u). What is k(a)?
-12
Let x(p) be the first deriva